{"id":992,"date":"2022-12-06T04:51:54","date_gmt":"2022-12-06T04:51:54","guid":{"rendered":"https:\/\/www.densho-gp.co.jp\/active-academy\/?page_id=992"},"modified":"2022-12-26T05:19:12","modified_gmt":"2022-12-26T05:19:12","slug":"brochure_dl","status":"publish","type":"page","link":"https:\/\/www.densho-gp.co.jp\/active-academy\/brochure_dl\/","title":{"rendered":"\u8cc7\u6599\u8acb\u6c42\u7533\u3057\u8fbc\u307f\u30d5\u30a9\u30fc\u30e0"},"content":{"rendered":"<figure class=\"wp-block-image size-large u-mb-ctrl u-mb-10\"><img decoding=\"async\" width=\"1024\" height=\"323\" src=\"https:\/\/www.densho-gp.co.jp\/active-academy\/wp-content\/uploads\/2022\/12\/aaa_pan-1024x323.jpg\" alt=\"\" class=\"wp-image-993\" srcset=\"https:\/\/www.densho-gp.co.jp\/active-academy\/wp-content\/uploads\/2022\/12\/aaa_pan-1024x323.jpg 1024w, https:\/\/www.densho-gp.co.jp\/active-academy\/wp-content\/uploads\/2022\/12\/aaa_pan-300x95.jpg 300w, https:\/\/www.densho-gp.co.jp\/active-academy\/wp-content\/uploads\/2022\/12\/aaa_pan-768x243.jpg 768w, https:\/\/www.densho-gp.co.jp\/active-academy\/wp-content\/uploads\/2022\/12\/aaa_pan-1536x485.jpg 1536w, https:\/\/www.densho-gp.co.jp\/active-academy\/wp-content\/uploads\/2022\/12\/aaa_pan.jpg 1900w\" sizes=\"(max-width: 1024px) 100vw, 1024px\" \/><\/figure><p class=\"has-text-align-center u-mb-ctrl u-mb-30\"><strong><span class=\"swl-marker mark_yellow\">\u5fc5\u8981\u4e8b\u9805\u3092\u3054\u8a18\u5165\u3044\u305f\u3060\u3044\u305f\u5f8c\u3001\u30d1\u30f3\u30d5\u30ec\u30c3\u30c8\u3092\u30c0\u30a6\u30f3\u30ed\u30fc\u30c9\u3044\u305f\u3060\u3051\u307e\u3059\u3002<\/span><\/strong><\/p><div class=\"wp-block-contact-form-7-contact-form-selector\">\n<div class=\"wpcf7 no-js\" id=\"wpcf7-f989-o1\" lang=\"ja\" dir=\"ltr\" data-wpcf7-id=\"989\">\n<div class=\"screen-reader-response\"><p role=\"status\" aria-live=\"polite\" aria-atomic=\"true\"><\/p> <ul><\/ul><\/div>\n<form action=\"\/active-academy\/wp-json\/wp\/v2\/pages\/992#wpcf7-f989-o1\" method=\"post\" class=\"wpcf7-form init\" aria-label=\"\u30b3\u30f3\u30bf\u30af\u30c8\u30d5\u30a9\u30fc\u30e0\" novalidate=\"novalidate\" data-status=\"init\">\n<fieldset class=\"hidden-fields-container\"><input type=\"hidden\" name=\"_wpcf7\" value=\"989\" \/><input type=\"hidden\" name=\"_wpcf7_version\" value=\"6.1.5\" \/><input type=\"hidden\" name=\"_wpcf7_locale\" value=\"ja\" \/><input type=\"hidden\" name=\"_wpcf7_unit_tag\" value=\"wpcf7-f989-o1\" \/><input type=\"hidden\" name=\"_wpcf7_container_post\" value=\"0\" \/><input type=\"hidden\" name=\"_wpcf7_posted_data_hash\" value=\"\" \/><input type=\"hidden\" name=\"_wpcf7_recaptcha_response\" value=\"\" \/>\n<\/fieldset>\n<p class=\"CF7_table\"><span class=\"CF7_req\">\u5fc5\u9808<\/span><label>\u304a\u540d\u524d<\/label>\n<\/p>\n<p><span class=\"wpcf7-form-control-wrap\" data-name=\"your-name\"><input size=\"40\" maxlength=\"400\" class=\"wpcf7-form-control wpcf7-text wpcf7-validates-as-required\" aria-required=\"true\" aria-invalid=\"false\" placeholder=\"\u4f8b\uff1a\u96fb\u7fd4\u3000\u592a\u90ce\" value=\"\" type=\"text\" name=\"your-name\" \/><\/span>\n<\/p>\n<p class=\"CF7_table\"><span class=\"CF7_req\">\u5fc5\u9808<\/span><label>\u30e1\u30fc\u30eb\u30a2\u30c9\u30ec\u30b9<\/label>\n<\/p>\n<p><span class=\"wpcf7-form-control-wrap\" data-name=\"your-email\"><input size=\"40\" maxlength=\"400\" class=\"wpcf7-form-control wpcf7-email wpcf7-validates-as-required wpcf7-text wpcf7-validates-as-email\" aria-required=\"true\" aria-invalid=\"false\" placeholder=\"\u4f8b\uff1a\u00d7\u00d7\u00d7@\u00d7\u00d7\u00d7.com\" value=\"\" type=\"email\" name=\"your-email\" \/><\/span>\n<\/p>\n<p class=\"CF7_table\"><span class=\"CF7_req\">\u5fc5\u9808<\/span><label>\u5927\u5b66\uff08\u6cd5\u4eba\uff09\u540d<\/label>\n<\/p>\n<p><span class=\"wpcf7-form-control-wrap\" data-name=\"your-company\"><input size=\"40\" maxlength=\"400\" class=\"wpcf7-form-control wpcf7-text wpcf7-validates-as-required\" aria-required=\"true\" aria-invalid=\"false\" placeholder=\"\u4f8b\uff1a\u25ef\u25ef\u5927\u5b66\" value=\"\" type=\"text\" name=\"your-company\" \/><\/span>\n<\/p>\n<p class=\"CF7_table\"><span class=\"CF7_unreq\">\u4efb\u610f<\/span><label>\u90e8\u7f72\u540d<\/label>\n<\/p>\n<p><span class=\"wpcf7-form-control-wrap\" data-name=\"your-busho\"><input size=\"40\" maxlength=\"400\" class=\"wpcf7-form-control wpcf7-text\" aria-invalid=\"false\" placeholder=\"\u4f8b\uff1a\u6559\u52d9\u8ab2\" value=\"\" type=\"text\" name=\"your-busho\" \/><\/span>\n<\/p>\n<p class=\"CF7_table\"><span class=\"CF7_req\">\u5fc5\u9808<\/span><label>\u304a\u96fb\u8a71\u756a\u53f7<\/label>\n<\/p>\n<p><span class=\"wpcf7-form-control-wrap\" data-name=\"your-tel\"><input size=\"40\" maxlength=\"400\" class=\"wpcf7-form-control wpcf7-text wpcf7-validates-as-required\" aria-required=\"true\" aria-invalid=\"false\" placeholder=\"\u4f8b\uff1a03-1234-5678\" value=\"\" type=\"text\" name=\"your-tel\" \/><\/span>\n<\/p>\n<p class=\"message-100\"><span class=\"CF7_unreq\">\u4efb\u610f<\/span><label>\u3054\u4e0d\u660e\u70b9\u30fb\u6c17\u306b\u306a\u308b\u70b9\u304c\u3054\u3056\u3044\u307e\u3057\u305f\u3089\u3054\u8a18\u5165\u304f\u3060\u3055\u3044\u3002<\/label>\n<\/p>\n<p><label><span class=\"wpcf7-form-control-wrap\" data-name=\"your-message\"><textarea cols=\"40\" rows=\"10\" maxlength=\"2000\" class=\"wpcf7-form-control wpcf7-textarea\" aria-invalid=\"false\" placeholder=\"\u4f8b\uff1a\u5b66\u52d9\u30b7\u30b9\u30c6\u30e0\u5c0e\u5165\u306e\u30b9\u30b1\u30b8\u30e5\u30fc\u30eb\u306b\u3064\u3044\u3066\u77e5\u308a\u305f\u3044\u3002\" name=\"your-message\"><\/textarea><\/span><\/label>\n<\/p>\n<p><span class=\"wpcf7-form-control-wrap\" data-name=\"acceptance-965\"><span class=\"wpcf7-form-control wpcf7-acceptance\"><span class=\"wpcf7-list-item\"><input type=\"checkbox\" name=\"acceptance-965\" value=\"1\" aria-invalid=\"false\" \/><\/span><\/span><\/span>\u3000(\u682a)\u96fb\u7fd4\u306e<a href=\"https:\/\/www.densho-gp.co.jp\/active-academy\/privacy-policy\/\"target=\"_blank\" rel=\"noopener noreferrer\" style=\"text-decoration:underline;\"> \u30d7\u30e9\u30a4\u30d0\u30b7\u30fc\u30dd\u30ea\u30b7\u30fc<\/a>\u306b\u540c\u610f\u3059\u308b\n<\/p>\n<p class=\"CF7_btn\"><input class=\"wpcf7-form-control wpcf7-submit has-spinner\" type=\"submit\" value=\"\u78ba\u8a8d\u3059\u308b\" \/>\n<\/p>\n\n<!-- CF7MSM -->\n<div style='display:none;'><input type=\"hidden\" name=\"_cf7msm_multistep_tag\" class=\"wpcf7-form-control wpcf7-multistep cf7msm-multistep\" value=\"{&quot;first_step&quot;:1,&quot;next_url&quot;:&quot;https:\/\/www.densho-gp.co.jp\/active-academy\/brochure_dl_confirm\/&quot;}\" \/><input type=\"hidden\" name=\"cf7msm-no-ss\" value=\"\" \/>\n<\/div>\n<!-- End CF7MSM -->\n<div class=\"wpcf7-response-output\" aria-hidden=\"true\"><\/div>\n<\/form>\n<\/div>\n<\/div><p class=\"has-text-align-center has-border -border03\">\u3053\u306e\u30b5\u30a4\u30c8\u306freCAPTCHA\u306b\u3088\u3063\u3066\u4fdd\u8b77\u3055\u308c\u3066\u304a\u308a\u3001Google\u306e<a href=\"https:\/\/policies.google.com\/privacy\">\u30d7\u30e9\u30a4\u30d0\u30b7\u30fc\u30dd\u30ea\u30b7\u30fc<\/a>\u3068<a href=\"https:\/\/policies.google.com\/terms\">\u5229\u7528\u898f\u7d04<\/a>\u304c\u9069\u7528\u3055\u308c\u307e\u3059\u3002<\/p>","protected":false},"excerpt":{"rendered":"<p>\u5fc5\u8981\u4e8b\u9805\u3092\u3054\u8a18\u5165\u3044\u305f\u3060\u3044\u305f\u5f8c\u3001\u30d1\u30f3\u30d5\u30ec\u30c3\u30c8\u3092\u30c0\u30a6\u30f3\u30ed\u30fc\u30c9\u3044\u305f\u3060\u3051\u307e\u3059\u3002 \u3053\u306e\u30b5\u30a4\u30c8\u306freCAPTCHA\u306b\u3088\u3063\u3066\u4fdd\u8b77\u3055\u308c\u3066\u304a\u308a\u3001Google\u306e\u30d7\u30e9\u30a4\u30d0\u30b7\u30fc\u30dd\u30ea\u30b7\u30fc\u3068\u5229\u7528\u898f\u7d04\u304c\u9069\u7528\u3055\u308c\u307e\u3059\u3002<\/p>\n","protected":false},"author":1,"featured_media":0,"parent":0,"menu_order":0,"comment_status":"closed","ping_status":"closed","template":"","meta":{"swell_btn_cv_data":"","footnotes":""},"class_list":["post-992","page","type-page","status-publish","hentry"],"_links":{"self":[{"href":"https:\/\/www.densho-gp.co.jp\/active-academy\/wp-json\/wp\/v2\/pages\/992","targetHints":{"allow":["GET"]}}],"collection":[{"href":"https:\/\/www.densho-gp.co.jp\/active-academy\/wp-json\/wp\/v2\/pages"}],"about":[{"href":"https:\/\/www.densho-gp.co.jp\/active-academy\/wp-json\/wp\/v2\/types\/page"}],"author":[{"embeddable":true,"href":"https:\/\/www.densho-gp.co.jp\/active-academy\/wp-json\/wp\/v2\/users\/1"}],"replies":[{"embeddable":true,"href":"https:\/\/www.densho-gp.co.jp\/active-academy\/wp-json\/wp\/v2\/comments?post=992"}],"version-history":[{"count":4,"href":"https:\/\/www.densho-gp.co.jp\/active-academy\/wp-json\/wp\/v2\/pages\/992\/revisions"}],"predecessor-version":[{"id":1471,"href":"https:\/\/www.densho-gp.co.jp\/active-academy\/wp-json\/wp\/v2\/pages\/992\/revisions\/1471"}],"wp:attachment":[{"href":"https:\/\/www.densho-gp.co.jp\/active-academy\/wp-json\/wp\/v2\/media?parent=992"}],"curies":[{"name":"wp","href":"https:\/\/api.w.org\/{rel}","templated":true}]}}